[INFO] cloning repository https://github.com/PXNX/tartaros-telegram
[INFO] running `Command { std: "git" "-c" "credential.helper=" "-c" "credential.helper=/workspace/cargo-home/bin/git-credential-null" "clone" "--bare" "https://github.com/PXNX/tartaros-telegram" "/workspace/cache/git-repos/https%3A%2F%2Fgithub.com%2FPXNX%2Ftartaros-telegram", kill_on_drop: false }`
[INFO] [stderr] Cloning into bare repository '/workspace/cache/git-repos/https%3A%2F%2Fgithub.com%2FPXNX%2Ftartaros-telegram'...
[INFO] running `Command { std: "git" "rev-parse" "HEAD", kill_on_drop: false }`
[INFO] [stdout] 966f076655eaa19d8cd8aa3e9b79e7f8a380addc
[INFO] checking PXNX/tartaros-telegram against master#9610dfe5a9a731ced1ea4923ecbd0c57fe367898 for beta-170-4
[INFO] running `Command { std: "git" "clone" "/workspace/cache/git-repos/https%3A%2F%2Fgithub.com%2FPXNX%2Ftartaros-telegram" "/workspace/builds/worker-0-tc1/source", kill_on_drop: false }`
[INFO] [stderr] Cloning into '/workspace/builds/worker-0-tc1/source'...
[INFO] [stderr] done.
[INFO] validating manifest of git repo https://github.com/PXNX/tartaros-telegram on toolchain 9610dfe5a9a731ced1ea4923ecbd0c57fe367898
[INFO] running `Command { std: CARGO_HOME="/workspace/cargo-home" RUSTUP_HOME="/workspace/rustup-home" "/workspace/cargo-home/bin/cargo" "+9610dfe5a9a731ced1ea4923ecbd0c57fe367898" "metadata" "--manifest-path" "Cargo.toml" "--no-deps", kill_on_drop: false }`
[INFO] started tweaking git repo https://github.com/PXNX/tartaros-telegram
[INFO] finished tweaking git repo https://github.com/PXNX/tartaros-telegram
[INFO] tweaked toml for git repo https://github.com/PXNX/tartaros-telegram written to /workspace/builds/worker-0-tc1/source/Cargo.toml
[INFO] crate git repo https://github.com/PXNX/tartaros-telegram already has a lockfile, it will not be regenerated
[INFO] running `Command { std: CARGO_HOME="/workspace/cargo-home" RUSTUP_HOME="/workspace/rustup-home" "/workspace/cargo-home/bin/cargo" "+9610dfe5a9a731ced1ea4923ecbd0c57fe367898" "fetch" "--manifest-path" "Cargo.toml", kill_on_drop: false }`
[INFO] [stderr]     Updating crates.io index
[INFO] [stderr]  Downloading crates ...
[INFO] [stderr]   Downloaded sqlx-rt v0.6.0
[INFO] [stderr]   Downloaded axum-core v0.2.7
[INFO] [stderr]   Downloaded crypto-common v0.1.5
[INFO] [stderr]   Downloaded sqlx-macros v0.6.0
[INFO] [stderr]   Downloaded sqlx-core v0.6.0
[INFO] [stderr]   Downloaded axum v0.5.12
[INFO] [stderr]   Downloaded sqlx v0.6.0
[INFO] [stderr]   Downloaded axum-sqlx-tx v0.3.0
[INFO] running `Command { std: "docker" "create" "-v" "/var/lib/crater-agent-workspace/builds/worker-0-tc1/target:/opt/rustwide/target:rw,Z" "-v" "/var/lib/crater-agent-workspace/builds/worker-0-tc1/source:/opt/rustwide/workdir:ro,Z" "-v" "/var/lib/crater-agent-workspace/cargo-home:/opt/rustwide/cargo-home:ro,Z" "-v" "/var/lib/crater-agent-workspace/rustup-home:/opt/rustwide/rustup-home:ro,Z" "-e" "SOURCE_DIR=/opt/rustwide/workdir" "-e" "CARGO_TARGET_DIR=/opt/rustwide/target" "-e" "CARGO_HOME=/opt/rustwide/cargo-home" "-e" "RUSTUP_HOME=/opt/rustwide/rustup-home" "-w" "/opt/rustwide/workdir" "-m" "1610612736" "--user" "0:0" "--network" "none" "ghcr.io/rust-lang/crates-build-env/linux@sha256:19e73879b68f455e41552ea35293514db52ea292d993f571636dbffedb77a1ee" "/opt/rustwide/cargo-home/bin/cargo" "+9610dfe5a9a731ced1ea4923ecbd0c57fe367898" "metadata" "--no-deps" "--format-version=1", kill_on_drop: false }`
[INFO] [stdout] 35573acfb1d28384a3154cb19e9fb687865b9703a2e31cfdec666392cff7eb94
[INFO] running `Command { std: "docker" "start" "-a" "35573acfb1d28384a3154cb19e9fb687865b9703a2e31cfdec666392cff7eb94", kill_on_drop: false }`
[INFO] running `Command { std: "docker" "inspect" "35573acfb1d28384a3154cb19e9fb687865b9703a2e31cfdec666392cff7eb94", kill_on_drop: false }`
[INFO] running `Command { std: "docker" "rm" "-f" "35573acfb1d28384a3154cb19e9fb687865b9703a2e31cfdec666392cff7eb94", kill_on_drop: false }`
[INFO] [stdout] 35573acfb1d28384a3154cb19e9fb687865b9703a2e31cfdec666392cff7eb94
[INFO] running `Command { std: "docker" "create" "-v" "/var/lib/crater-agent-workspace/builds/worker-0-tc1/target:/opt/rustwide/target:rw,Z" "-v" "/var/lib/crater-agent-workspace/builds/worker-0-tc1/source:/opt/rustwide/workdir:ro,Z" "-v" "/var/lib/crater-agent-workspace/cargo-home:/opt/rustwide/cargo-home:ro,Z" "-v" "/var/lib/crater-agent-workspace/rustup-home:/opt/rustwide/rustup-home:ro,Z" "-e" "SOURCE_DIR=/opt/rustwide/workdir" "-e" "CARGO_TARGET_DIR=/opt/rustwide/target" "-e" "CARGO_INCREMENTAL=0" "-e" "RUST_BACKTRACE=full" "-e" "RUSTFLAGS=--cap-lints=forbid" "-e" "RUSTDOCFLAGS=--cap-lints=forbid" "-e" "CARGO_HOME=/opt/rustwide/cargo-home" "-e" "RUSTUP_HOME=/opt/rustwide/rustup-home" "-w" "/opt/rustwide/workdir" "-m" "1610612736" "--user" "0:0" "--network" "none" "ghcr.io/rust-lang/crates-build-env/linux@sha256:19e73879b68f455e41552ea35293514db52ea292d993f571636dbffedb77a1ee" "/opt/rustwide/cargo-home/bin/cargo" "+9610dfe5a9a731ced1ea4923ecbd0c57fe367898" "check" "--frozen" "--all" "--all-targets" "--message-format=json", kill_on_drop: false }`
[INFO] [stdout] 36d85a39a155c33c561cc95eafc386f3fed67e1cd98d4a8caf2140d4bb4747d1
[INFO] running `Command { std: "docker" "start" "-a" "36d85a39a155c33c561cc95eafc386f3fed67e1cd98d4a8caf2140d4bb4747d1", kill_on_drop: false }`
[INFO] [stderr]    Compiling libc v0.2.126
[INFO] [stderr]    Compiling version_check v0.9.4
[INFO] [stderr]    Compiling proc-macro2 v1.0.40
[INFO] [stderr]    Compiling cc v1.0.73
[INFO] [stderr]    Compiling unicode-ident v1.0.1
[INFO] [stderr]    Compiling quote v1.0.20
[INFO] [stderr]    Compiling memchr v2.5.0
[INFO] [stderr]    Compiling syn v1.0.98
[INFO] [stderr]     Checking once_cell v1.13.0
[INFO] [stderr]    Compiling typenum v1.15.0
[INFO] [stderr]    Compiling futures-core v0.3.21
[INFO] [stderr]    Compiling generic-array v0.14.5
[INFO] [stderr]    Compiling log v0.4.17
[INFO] [stderr]    Compiling ahash v0.7.6
[INFO] [stderr]    Compiling num-traits v0.2.15
[INFO] [stderr]    Compiling untrusted v0.7.1
[INFO] [stderr]    Compiling spin v0.5.2
[INFO] [stderr]     Checking bytes v1.1.0
[INFO] [stderr]     Checking pin-project-lite v0.2.9
[INFO] [stderr]    Compiling futures-task v0.3.21
[INFO] [stderr]    Compiling ring v0.16.20
[INFO] [stderr]    Compiling serde_derive v1.0.139
[INFO] [stderr]    Compiling lock_api v0.4.7
[INFO] [stderr]    Compiling serde v1.0.139
[INFO] [stderr]    Compiling futures-util v0.3.21
[INFO] [stderr]    Compiling getrandom v0.2.7
[INFO] [stderr]    Compiling parking_lot_core v0.8.5
[INFO] [stderr]     Checking mio v0.8.4
[INFO] [stderr]     Checking socket2 v0.4.4
[INFO] [stderr]     Checking num_cpus v1.13.1
[INFO] [stderr]     Checking itoa v1.0.2
[INFO] [stderr]    Compiling crossbeam-utils v0.8.10
[INFO] [stderr]    Compiling serde_json v1.0.82
[INFO] [stderr]     Checking crypto-common v0.1.5
[INFO] [stderr]     Checking block-buffer v0.10.2
[INFO] [stderr]     Checking subtle v2.4.1
[INFO] [stderr]     Checking digest v0.10.3
[INFO] [stderr]    Compiling tokio v1.19.2
[INFO] [stderr]    Compiling indexmap v1.9.1
[INFO] [stderr]     Checking futures-sink v0.3.21
[INFO] [stderr]    Compiling crossbeam-queue v0.3.5
[INFO] [stderr]    Compiling tinyvec_macros v0.1.0
[INFO] [stderr]    Compiling tinyvec v1.6.0
[INFO] [stderr]    Compiling base64 v0.13.0
[INFO] [stderr]    Compiling rustls v0.20.6
[INFO] [stderr]    Compiling instant v0.1.12
[INFO] [stderr]    Compiling scopeguard v1.1.0
[INFO] [stderr]    Compiling matches v0.1.9
[INFO] [stderr]    Compiling unicode-bidi v0.3.8
[INFO] [stderr]     Checking smallvec v1.9.0
[INFO] [stderr]    Compiling unicode-normalization v0.1.21
[INFO] [stderr]    Compiling hashbrown v0.12.2
[INFO] [stderr]    Compiling rand_core v0.6.3
[INFO] [stderr]    Compiling num-integer v0.1.45
[INFO] [stderr]    Compiling cpufeatures v0.2.2
[INFO] [stderr]    Compiling minimal-lexical v0.2.1
[INFO] [stderr]     Checking percent-encoding v2.1.0
[INFO] [stderr]    Compiling paste v1.0.7
[INFO] [stderr]    Compiling futures-channel v0.3.21
[INFO] [stderr]    Compiling ppv-lite86 v0.2.16
[INFO] [stderr]    Compiling either v1.7.0
[INFO] [stderr]    Compiling itertools v0.10.3
[INFO] [stderr]    Compiling form_urlencoded v1.0.1
[INFO] [stderr]    Compiling rand_chacha v0.3.1
[INFO] [stderr]     Checking http v0.2.8
[INFO] [stderr]    Compiling nom v7.1.1
[INFO] [stderr]    Compiling webpki v0.21.4
[INFO] [stderr]    Compiling tokio-macros v1.8.0
[INFO] [stderr]    Compiling thiserror-impl v1.0.31
[INFO] [stderr]    Compiling parking_lot v0.11.2
[INFO] [stderr]    Compiling idna v0.2.3
[INFO] [stderr]    Compiling hmac v0.12.1
[INFO] [stderr]    Compiling dirs-sys v0.3.7
[INFO] [stderr]    Compiling ryu v1.0.10
[INFO] [stderr]    Compiling unicode_categories v0.1.1
[INFO] [stderr]    Compiling pin-utils v0.1.0
[INFO] [stderr]    Compiling sqlformat v0.1.8
[INFO] [stderr]    Compiling dirs v4.0.0
[INFO] [stderr]    Compiling hkdf v0.12.3
[INFO] [stderr]    Compiling thiserror v1.0.31
[INFO] [stderr]    Compiling url v2.2.2
[INFO] [stderr]    Compiling futures-intrusive v0.4.0
[INFO] [stderr]    Compiling tokio-stream v0.1.9
[INFO] [stderr]    Compiling rand v0.8.5
[INFO] [stderr]     Checking sha-1 v0.10.0
[INFO] [stderr]    Compiling webpki v0.22.0
[INFO] [stderr]    Compiling sct v0.6.1
[INFO] [stderr]    Compiling sha2 v0.10.2
[INFO] [stderr]    Compiling stringprep v0.1.2
[INFO] [stderr]    Compiling md-5 v0.10.1
[INFO] [stderr]    Compiling bitflags v1.3.2
[INFO] [stderr]    Compiling event-listener v2.5.2
[INFO] [stderr]    Compiling byteorder v1.4.3
[INFO] [stderr]    Compiling whoami v1.2.1
[INFO] [stderr]    Compiling hex v0.4.3
[INFO] [stderr]    Compiling rustls v0.19.1
[INFO] [stderr]    Compiling sct v0.7.0
[INFO] [stderr]    Compiling unicode-segmentation v1.9.0
[INFO] [stderr]    Compiling heck v0.4.0
[INFO] [stderr]     Checking http-body v0.4.5
[INFO] [stderr]    Compiling tokio-rustls v0.22.0
[INFO] [stderr]    Compiling hashbrown v0.11.2
[INFO] [stderr]     Checking tracing-core v0.1.28
[INFO] [stderr]    Compiling async-trait v0.1.56
[INFO] [stderr]     Checking tower-service v0.3.2
[INFO] [stderr]    Compiling dotenv v0.15.0
[INFO] [stderr]    Compiling hashlink v0.7.0
[INFO] [stderr]     Checking tracing v0.1.35
[INFO] [stderr]    Compiling sqlx-rt v0.5.13
[INFO] [stderr]    Compiling pin-project-internal v1.0.11
[INFO] [stderr]    Compiling webpki-roots v0.21.1
[INFO] [stderr]    Compiling atoi v0.4.0
[INFO] [stderr]    Compiling tokio-rustls v0.23.4
[INFO] [stderr]    Compiling httparse v1.7.1
[INFO] [stderr]     Checking tower-layer v0.3.1
[INFO] [stderr]    Compiling parking_lot_core v0.9.3
[INFO] [stderr]     Checking mime v0.3.16
[INFO] [stderr]    Compiling sqlx-rt v0.6.0
[INFO] [stderr]    Compiling chrono v0.4.19
[INFO] [stderr]    Compiling webpki-roots v0.22.4
[INFO] [stderr]     Checking pin-project v1.0.11
[INFO] [stderr]    Compiling hashlink v0.8.0
[INFO] [stderr]    Compiling atoi v1.0.0
[INFO] [stderr]    Compiling rustls-pemfile v1.0.0
[INFO] [stderr]     Checking aho-corasick v0.7.18
[INFO] [stderr]     Checking time v0.1.44
[INFO] [stderr]     Checking try-lock v0.2.3
[INFO] [stderr]     Checking httpdate v1.0.2
[INFO] [stderr]     Checking regex-syntax v0.6.27
[INFO] [stderr]     Checking quick-error v1.2.3
[INFO] [stderr]     Checking humantime v1.3.0
[INFO] [stderr]     Checking want v0.3.0
[INFO] [stderr]     Checking sqlx-core v0.5.13
[INFO] [stderr]     Checking tower v0.4.13
[INFO] [stderr]     Checking axum-core v0.2.7
[INFO] [stderr]    Compiling sqlx-core v0.6.0
[INFO] [stderr]     Checking headers-core v0.2.0
[INFO] [stderr]     Checking atty v0.2.14
[INFO] [stderr]     Checking termcolor v1.1.3
[INFO] [stderr]     Checking http-range-header v0.3.0
[INFO] [stderr]     Checking tower-http v0.3.4
[INFO] [stderr]     Checking headers v0.3.7
[INFO] [stderr]     Checking hyper v0.14.20
[INFO] [stderr]     Checking parking_lot v0.12.1
[INFO] [stderr]     Checking regex v1.6.0
[INFO] [stderr]     Checking serde_urlencoded v0.7.1
[INFO] [stderr]     Checking sync_wrapper v0.1.1
[INFO] [stderr]     Checking matchit v0.5.0
[INFO] [stderr]     Checking env_logger v0.7.1
[INFO] [stderr]     Checking pretty_env_logger v0.4.0
[INFO] [stderr]     Checking axum v0.5.12
[INFO] [stderr]    Compiling sqlx-macros v0.5.13
[INFO] [stderr]    Compiling sqlx-macros v0.6.0
[INFO] [stderr]     Checking sqlx v0.5.13
[INFO] [stderr]     Checking axum-sqlx-tx v0.3.0
[INFO] [stderr]     Checking sqlx v0.6.0
[INFO] [stderr]     Checking tartaros-telegram v0.1.0 (/opt/rustwide/workdir)
[INFO] [stdout] error: error communicating with database: failed to lookup address information: Temporary failure in name resolution
[INFO] [stdout]   --> src/main.rs:57:5
[INFO] [stdout]    |
[INFO] [stdout] 57 |     query_as!(Report, r#"Select * from reports where user_id = $1 and is_banned=true"#, user_id).fetch_one(&pool)
[INFO] [stdout]    |     ^^^^^^^^^^^^^^^^^^^^^^^^^^^^^^^^^^^^^^^^^^^^^^^^^^^^^^^^^^^^^^^^^^^^^^^^^^^^^^^^^^^^^^^^^^^^
[INFO] [stdout]    |
[INFO] [stdout]    = note: this error originates in the macro `$crate::sqlx_macros::expand_query` which comes from the expansion of the macro `query_as` (in Nightly builds, run with -Z macro-backtrace for more info)
[INFO] [stdout] 
[INFO] [stdout] 
[INFO] [stdout] error: error communicating with database: failed to lookup address information: Temporary failure in name resolution
[INFO] [stdout]   --> src/main.rs:71:18
[INFO] [stdout]    |
[INFO] [stdout] 71 | ... = sqlx::query_as!(Report, r#"Insert into reports (user_id, account_id, message) values ($1, $2, $3) returning *"#, report.user_id, 1, report.message).fe...
[INFO] [stdout]    |       ^^^^^^^^^^^^^^^^^^^^^^^^^^^^^^^^^^^^^^^^^^^^^^^^^^^^^^^^^^^^^^^^^^^^^^^^^^^^^^^^^^^^^^^^^^^^^^^^^^^^^^^^^^^^^^^^^^^^^^^^^^^^^^^^^^^^^^^^^^^^^^^^^^^
[INFO] [stdout]    |
[INFO] [stdout]    = note: this error originates in the macro `$crate::sqlx_macros::expand_query` which comes from the expansion of the macro `sqlx::query_as` (in Nightly builds, run with -Z macro-backtrace for more info)
[INFO] [stdout] 
[INFO] [stdout] 
[INFO] [stdout] warning: unused import: `IntoResponse`
[INFO] [stdout]  --> src/main.rs:7:22
[INFO] [stdout]   |
[INFO] [stdout] 7 | use axum::response::{IntoResponse, Redirect};
[INFO] [stdout]   |                      ^^^^^^^^^^^^
[INFO] [stdout]   |
[INFO] [stdout]   = note: `#[warn(unused_imports)]` on by default
[INFO] [stdout] 
[INFO] [stdout] 
[INFO] [stdout] warning: unused import: `axum_sqlx_tx::Layer`
[INFO] [stdout]  --> src/main.rs:9:5
[INFO] [stdout]   |
[INFO] [stdout] 9 | use axum_sqlx_tx::Layer;
[INFO] [stdout]   |     ^^^^^^^^^^^^^^^^^^^
[INFO] [stdout] 
[INFO] [stdout] 
[INFO] [stdout] warning: unused imports: `PgPool`, `query`
[INFO] [stdout]   --> src/main.rs:12:12
[INFO] [stdout]    |
[INFO] [stdout] 12 | use sqlx::{PgPool, Pool, Postgres, postgres::PgPoolOptions, query, query_as};
[INFO] [stdout]    |            ^^^^^^                                           ^^^^^
[INFO] [stdout] 
[INFO] [stdout] 
[INFO] [stdout] error: error communicating with database: failed to lookup address information: Temporary failure in name resolution
[INFO] [stdout]   --> src/main.rs:57:5
[INFO] [stdout]    |
[INFO] [stdout] 57 |     query_as!(Report, r#"Select * from reports where user_id = $1 and is_banned=true"#, user_id).fetch_one(&pool)
[INFO] [stdout]    |     ^^^^^^^^^^^^^^^^^^^^^^^^^^^^^^^^^^^^^^^^^^^^^^^^^^^^^^^^^^^^^^^^^^^^^^^^^^^^^^^^^^^^^^^^^^^^
[INFO] [stdout]    |
[INFO] [stdout]    = note: this error originates in the macro `$crate::sqlx_macros::expand_query` which comes from the expansion of the macro `query_as` (in Nightly builds, run with -Z macro-backtrace for more info)
[INFO] [stdout] 
[INFO] [stdout] 
[INFO] [stdout] error: error communicating with database: failed to lookup address information: Temporary failure in name resolution
[INFO] [stdout]   --> src/main.rs:71:18
[INFO] [stdout]    |
[INFO] [stdout] 71 | ... = sqlx::query_as!(Report, r#"Insert into reports (user_id, account_id, message) values ($1, $2, $3) returning *"#, report.user_id, 1, report.message).fe...
[INFO] [stdout]    |       ^^^^^^^^^^^^^^^^^^^^^^^^^^^^^^^^^^^^^^^^^^^^^^^^^^^^^^^^^^^^^^^^^^^^^^^^^^^^^^^^^^^^^^^^^^^^^^^^^^^^^^^^^^^^^^^^^^^^^^^^^^^^^^^^^^^^^^^^^^^^^^^^^^^
[INFO] [stdout]    |
[INFO] [stdout]    = note: this error originates in the macro `$crate::sqlx_macros::expand_query` which comes from the expansion of the macro `sqlx::query_as` (in Nightly builds, run with -Z macro-backtrace for more info)
[INFO] [stdout] 
[INFO] [stdout] 
[INFO] [stdout] warning: unused import: `IntoResponse`
[INFO] [stdout]  --> src/main.rs:7:22
[INFO] [stdout]   |
[INFO] [stdout] 7 | use axum::response::{IntoResponse, Redirect};
[INFO] [stdout]   |                      ^^^^^^^^^^^^
[INFO] [stdout]   |
[INFO] [stdout]   = note: `#[warn(unused_imports)]` on by default
[INFO] [stdout] 
[INFO] [stdout] 
[INFO] [stdout] warning: unused import: `axum_sqlx_tx::Layer`
[INFO] [stdout]  --> src/main.rs:9:5
[INFO] [stdout]   |
[INFO] [stdout] 9 | use axum_sqlx_tx::Layer;
[INFO] [stdout]   |     ^^^^^^^^^^^^^^^^^^^
[INFO] [stdout] 
[INFO] [stdout] 
[INFO] [stdout] warning: unused imports: `PgPool`, `query`
[INFO] [stdout]   --> src/main.rs:12:12
[INFO] [stdout]    |
[INFO] [stdout] 12 | use sqlx::{PgPool, Pool, Postgres, postgres::PgPoolOptions, query, query_as};
[INFO] [stdout]    |            ^^^^^^                                           ^^^^^
[INFO] [stdout] 
[INFO] [stdout] 
[INFO] [stdout] error: aborting due to 2 previous errors; 3 warnings emitted
[INFO] [stdout] 
[INFO] [stdout] 
[INFO] [stdout] error: aborting due to 2 previous errors; 3 warnings emitted
[INFO] [stdout] 
[INFO] [stdout] 
[INFO] [stderr] error: could not compile `tartaros-telegram` (bin "tartaros-telegram" test) due to 3 previous errors; 3 warnings emitted
[INFO] [stderr] warning: build failed, waiting for other jobs to finish...
[INFO] [stderr] error: could not compile `tartaros-telegram` (bin "tartaros-telegram") due to 3 previous errors; 3 warnings emitted
[INFO] running `Command { std: "docker" "inspect" "36d85a39a155c33c561cc95eafc386f3fed67e1cd98d4a8caf2140d4bb4747d1", kill_on_drop: false }`
[INFO] running `Command { std: "docker" "rm" "-f" "36d85a39a155c33c561cc95eafc386f3fed67e1cd98d4a8caf2140d4bb4747d1", kill_on_drop: false }`
[INFO] [stdout] 36d85a39a155c33c561cc95eafc386f3fed67e1cd98d4a8caf2140d4bb4747d1
